{"id":726,"date":"2022-05-30T18:57:19","date_gmt":"2022-05-30T18:57:19","guid":{"rendered":"http:\/\/casademony.com\/?page_id=726"},"modified":"2024-09-02T19:24:58","modified_gmt":"2024-09-02T19:24:58","slug":"reglamento-casa-de-mony","status":"publish","type":"page","link":"https:\/\/casademony.com\/index.php\/reglamento-casa-de-mony\/","title":{"rendered":"Hotel en Santa Marta &#8211; Casa de Mony &#8211; reglamento casa de mony"},"content":{"rendered":"\t\t<div data-elementor-type=\"wp-page\" data-elementor-id=\"726\" class=\"elementor elementor-726\">\n\t\t\t\t\t\t<div class=\"elementor-inner\">\n\t\t\t\t<div class=\"elementor-section-wrap\">\n\t\t\t\t\t\t\t\t\t<section class=\"elementor-section elementor-top-section elementor-element elementor-element-130767f elementor-section-boxed elementor-section-height-default elementor-section-height-default\" data-id=\"130767f\" data-element_type=\"section\">\n\t\t\t\t\t\t<div class=\"elementor-container elementor-column-gap-default\">\n\t\t\t\t\t\t\t<div class=\"elementor-row\">\n\t\t\t\t\t<div class=\"elementor-column elementor-col-100 elementor-top-column elementor-element elementor-element-b5f46b5\" data-id=\"b5f46b5\" data-element_type=\"column\">\n\t\t\t<div class=\"elementor-column-wrap elementor-element-populated\">\n\t\t\t\t\t\t\t<div class=\"elementor-widget-wrap\">\n\t\t\t\t\t\t<div class=\"elementor-element elementor-element-8399304 elementor-widget elementor-widget-heading\" data-id=\"8399304\" data-element_type=\"widget\" data-widget_type=\"heading.default\">\n\t\t\t\t<div class=\"elementor-widget-container\">\n\t\t\t<h2 class=\"elementor-heading-title elementor-size-default\">REGLAMENTO CASA DE MONY<\/h2>\t\t<\/div>\n\t\t\t\t<\/div>\n\t\t\t\t<div class=\"elementor-element elementor-element-e2da43a elementor-widget elementor-widget-text-editor\" data-id=\"e2da43a\" data-element_type=\"widget\" data-widget_type=\"text-editor.default\">\n\t\t\t\t<div class=\"elementor-widget-container\">\n\t\t\t\t\t\t\t\t<div class=\"elementor-text-editor elementor-clearfix\">\n\t\t\t\t<p><strong>Punto 1<\/strong><\/p><p><strong>CASA DE MONY<\/strong> tiene servicio de internet, a la m\u00e1xima capacidad que se puede ofrecer en el sector de Pozos Colorados en Santa Marta. <strong>CASA DE MONY<\/strong> no se hace responsable a las fallas en el servicio de internet ni de televisi\u00f3n, debido a factores propios de la empresa de telecomunicaciones o por interferencia debido al medio ambiente, como por ejemplo, en \u00e9poca de lluvia y por fuertes brisas, la se\u00f1al de internet puede verse afectada. Tampoco se hace responsable por la suspensi\u00f3n del servicio de energ\u00eda el\u00e9ctrica o de agua, debido al racionamiento de dichas empresas de servicios p\u00fablicos o por da\u00f1os de sus sistemas.<\/p><p><strong>PUNTO 2<\/strong><\/p><p>En concordancia con el punto anterior<strong>, CASA DE MONY<\/strong> no se hace responsable de las consecuencias que pueda tener un hu\u00e9sped en su trabajo, teletrabajo, o vida personal, debido a las fallas de alg\u00fan servicio p\u00fablico o de las telecomunicaciones como son energ\u00eda, internet, televisi\u00f3n. Por tal motivo, <strong>CASA DE MONY<\/strong> no hace devoluci\u00f3n del dinero en las reservas que sufran algunas de estas eventualidades.<\/p><p><strong>PUNTO 3<\/strong><\/p><p>Todos los hu\u00e9spedes deben exhibir su documento de identidad y portar la manilla de CASA DE MONY durante la estancia.<\/p><p><strong>PUNTO 4<\/strong><\/p><p>Lo menores de edad deben estar con sus padres o adultos que tengan poder notariado sobre el menor. As\u00ed mismo los adultos deben responsabilizarse de la vigilancia de los ni\u00f1os mientras se encuentren en \u00e1reas comunes como comedor, sala, cocina, piscina y balcones.<\/p><p><strong>PUNTO 5<\/strong><\/p><p>La basura del d\u00eda es entregada al personal de aseo, en bolsas que son suministradas por <strong>CASA DE MONY<\/strong> todos los d\u00edas. Adicional se har\u00e1 entrega de una bolsa para depositar todos los envases, latas o cosas que se puedan reciclar, la cual es entregada a los recicladores del sector por parte de <strong>CASA DE MONY,<\/strong> o se dispone en el tanque ubicado para tal efecto en la parte exterior de la casa.<\/p><p><strong>PUNTO 6<\/strong><\/p><p>Prohibido dejar basura afuera de la habitaci\u00f3n<\/p><p><strong>PUNTO 7<\/strong><\/p><p>Est\u00e1 prohibido dejar el aire acondicionado televisores y luces encendidas, si no est\u00e1 dentro de la habitaci\u00f3n. De igual manera el desperdicio del agua se tiene que controlar.<\/p><p><strong>PUNTO 8<\/strong><\/p><p>No se permiten: esc\u00e1ndalos, peleas o disturbios o cualquier hecho que altere la tranquilidad de los hu\u00e9spedes o del personal de colaboradores.<\/p><p><strong>PUNTO 9<\/strong><\/p><p>No se permite estar sin camisa, en ropa interior, desnudos o similares en las \u00e1reas comunes.<\/p><p><strong>PUNTO 10<\/strong><\/p><p>No se permite la prostituci\u00f3n o similares,\u00a0 la discriminaci\u00f3n, violencia, venta o consumo de drogas ni otro acto irregular tipificado en el c\u00f3digo penal y c\u00f3digo nacional de seguridad y convivencia ciudadana.<\/p><p><strong>PUNTO 11<\/strong><\/p><p>El hu\u00e9sped se obliga a la entrega puntual de la habitaci\u00f3n, o sea antes de las 12 del mediod\u00eda, para poder realizar el proceso de limpieza y asepsia para los pr\u00f3ximos hu\u00e9spedes que llegan y que ingresan a las 3.00 pm<\/p><p><strong>Punto 12<\/strong><\/p><p>Todas las habitaciones tienen aire acondicionado, televisor, wifi y ba\u00f1o privado, no existen habitaciones ni ba\u00f1os compartidos.<\/p><p><strong>PUNTO 13<\/strong><\/p><p>Si el hu\u00e9sped hace uso del \u00e1rea de la cocina, debe dejar el lugar y los implementos en las condiciones de orden y limpieza en el que fueron entregados<\/p><p><strong>PUNTO 14<\/strong><\/p><p>La hora del Check In es a partir de las 3.00 pm y el Check Out es a las 12.m.<\/p><p><strong>PUNTO 15<\/strong><\/p><p><strong>CASA DE MONY<\/strong> guarda el equipaje de manera gratuita, pero sin responsabilidad por un m\u00e1ximo de 24 horas. Es responsabilidad del hu\u00e9sped si deja cosas de valor o delicadas susceptibles de ser reclamadas porque se da\u00f1aron o robaron. Despu\u00e9s de 24 horas se cobra 10 mil pesos \u00b4por cada maleta o morral.<\/p><p><strong>PUNTO 16<\/strong><\/p><p>Todo ni\u00f1o mayor de 5 a\u00f1os paga \u00a0<\/p><p><strong>PUNTO 17<\/strong><\/p><p>En <strong>CASA DE MONY<\/strong> se aceptan mascotas, por un valor adicional por noche de 20 mil pesos si es peque\u00f1o y 40 mil si es grande; pero es deber de cada hu\u00e9sped propietario, sacar a la mascota a hacer sus necesidades portando los elementos para recogerla.<\/p><p><strong>PUNTO 18<\/strong><\/p><p>Cuando <strong>CASA DE MONY<\/strong> es alquilada en su totalidad (cupo m\u00e1ximo 20 personas) y de manera exclusiva a un grupo, se les asignan dos auxiliares para realizar las tareas de limpieza y apoyo en la cocina, si as\u00ed lo desean. Dichos apoyos estar\u00e1n disponibles entre las 7 am y las 4.00 pm y su pago estar\u00e1 incluido en la tarifa establecida.<\/p><p><strong>PUNTO 19<\/strong><\/p><p>Dando alcance al punto anterior, la familia o grupo al que se le entregue la casa, deber\u00e1 hacerse responsable por cualquier da\u00f1o en infraestructura, mobiliario o enceres que pueda presentarse. Para tal efecto se entrega inventario previo y debe hacerse por parte del hu\u00e9sped un dep\u00f3sito de 500 mil pesos reembolsables.<\/p><p><strong>Punto 20<\/strong><\/p><p><strong>CASA DE MONY<\/strong> ofrece servicio de lavander\u00eda por un costo de 30 mil pesos por carga, y la lavadora es manejada solamente por el personal autorizado para ello<\/p>\t\t\t\t\t<\/div>\n\t\t\t\t\t\t<\/div>\n\t\t\t\t<\/div>\n\t\t\t\t\t\t<\/div>\n\t\t\t\t\t<\/div>\n\t\t<\/div>\n\t\t\t\t\t\t\t\t<\/div>\n\t\t\t\t\t<\/div>\n\t\t<\/section>\n\t\t\t\t\t\t\t\t\t<\/div>\n\t\t\t<\/div>\n\t\t\t\t\t<\/div>\n\t\t","protected":false},"excerpt":{"rendered":"<p>REGLAMENTO CASA DE MONY Punto 1 CASA DE MONY tiene servicio de internet, a la m\u00e1xima capacidad que se puede ofrecer en el sector de Pozos Colorados en Santa Marta. CASA DE MONY no se hace responsable a las fallas en el servicio de internet ni de televisi\u00f3n, debido a factores propios de la empresa [&hellip;]<\/p>\n","protected":false},"author":1,"featured_media":0,"parent":0,"menu_order":0,"comment_status":"closed","ping_status":"closed","template":"","meta":{"om_disable_all_campaigns":false,"_monsterinsights_skip_tracking":false,"_monsterinsights_sitenote_active":false,"_monsterinsights_sitenote_note":"","_monsterinsights_sitenote_category":0,"spay_email":""},"_links":{"self":[{"href":"https:\/\/casademony.com\/index.php\/wp-json\/wp\/v2\/pages\/726"}],"collection":[{"href":"https:\/\/casademony.com\/index.php\/wp-json\/wp\/v2\/pages"}],"about":[{"href":"https:\/\/casademony.com\/index.php\/wp-json\/wp\/v2\/types\/page"}],"author":[{"embeddable":true,"href":"https:\/\/casademony.com\/index.php\/wp-json\/wp\/v2\/users\/1"}],"replies":[{"embeddable":true,"href":"https:\/\/casademony.com\/index.php\/wp-json\/wp\/v2\/comments?post=726"}],"version-history":[{"count":19,"href":"https:\/\/casademony.com\/index.php\/wp-json\/wp\/v2\/pages\/726\/revisions"}],"predecessor-version":[{"id":1051,"href":"https:\/\/casademony.com\/index.php\/wp-json\/wp\/v2\/pages\/726\/revisions\/1051"}],"wp:attachment":[{"href":"https:\/\/casademony.com\/index.php\/wp-json\/wp\/v2\/media?parent=726"}],"curies":[{"name":"wp","href":"https:\/\/api.w.org\/{rel}","templated":true}]}}