{"id":283,"date":"2022-05-28T08:08:38","date_gmt":"2022-05-28T08:08:38","guid":{"rendered":"http:\/\/casademony.com\/?post_type=product&#038;p=283"},"modified":"2022-07-14T13:43:29","modified_gmt":"2022-07-14T13:43:29","slug":"katamaran-tayrona","status":"publish","type":"product","link":"https:\/\/casademony.com\/index.php\/producto\/katamaran-tayrona\/","title":{"rendered":"KATAMARAN TAYRONA"},"content":{"rendered":"","protected":false},"excerpt":{"rendered":"<p>Embarcamos en el muelle norte del rodadero desde las 10:00 am. A su llegada le invitamos a subir a bordo del Katamar\u00e1n y le ofreceremos un coctel de bienvenida mientras se acomoda.<\/p>\n<p>Iniciamos la charla de seguridad a las 10:30 am para el zarpe. Desde ese momento comience a disfrutar su experiencia; un maravilloso recorrido panor\u00e1mico con gu\u00eda tur\u00edstico y Re creacionista navegando en las aguas turquesas de la bah\u00eda de Santa Marta. Luego desembarcaremos en la reserva natural privada Inca Inca donde podr\u00e1 disfrutar del mar y de nuestro esmero para brindarle una experiencia inolvidable.<\/p>\n<p>Incluye<\/p>\n<ul>\n<li>Transporte ida y regreso<\/li>\n<li>Almuerzo t\u00edpico en Inca Inca<\/li>\n<li>Coctel De Bienvenida<\/li>\n<li>Snorkeling O Kayak<\/li>\n<li>Seguro De Viaje.<\/li>\n<\/ul>\n<p>Salida 10:30 am y retorno 4:30 pm.<\/p>\n<p>&nbsp;<\/p>\n","protected":false},"featured_media":353,"comment_status":"open","ping_status":"closed","template":"","meta":{"om_disable_all_campaigns":false,"_monsterinsights_skip_tracking":false,"_monsterinsights_sitenote_active":false,"_monsterinsights_sitenote_note":"","_monsterinsights_sitenote_category":0,"spay_email":""},"product_cat":[24,25],"product_tag":[],"_links":{"self":[{"href":"https:\/\/casademony.com\/index.php\/wp-json\/wp\/v2\/product\/283"}],"collection":[{"href":"https:\/\/casademony.com\/index.php\/wp-json\/wp\/v2\/product"}],"about":[{"href":"https:\/\/casademony.com\/index.php\/wp-json\/wp\/v2\/types\/product"}],"replies":[{"embeddable":true,"href":"https:\/\/casademony.com\/index.php\/wp-json\/wp\/v2\/comments?post=283"}],"wp:featuredmedia":[{"embeddable":true,"href":"https:\/\/casademony.com\/index.php\/wp-json\/wp\/v2\/media\/353"}],"wp:attachment":[{"href":"https:\/\/casademony.com\/index.php\/wp-json\/wp\/v2\/media?parent=283"}],"wp:term":[{"taxonomy":"product_cat","embeddable":true,"href":"https:\/\/casademony.com\/index.php\/wp-json\/wp\/v2\/product_cat?post=283"},{"taxonomy":"product_tag","embeddable":true,"href":"https:\/\/casademony.com\/index.php\/wp-json\/wp\/v2\/product_tag?post=283"}],"curies":[{"name":"wp","href":"https:\/\/api.w.org\/{rel}","templated":true}]}}