{"id":291,"date":"2022-05-28T08:08:39","date_gmt":"2022-05-28T08:08:39","guid":{"rendered":"http:\/\/casademony.com\/?post_type=product&#038;p=291"},"modified":"2022-07-14T14:05:41","modified_gmt":"2022-07-14T14:05:41","slug":"minca-full-day","status":"publish","type":"product","link":"https:\/\/casademony.com\/index.php\/producto\/minca-full-day\/","title":{"rendered":"MINCA FULL DAY"},"content":{"rendered":"","protected":false},"excerpt":{"rendered":"<p>Este tour est\u00e1 basado en recorridos en la Sierra Nevada de Santa Marta. Visitaremos cascadas y piscinas naturales, una granja cafetera d\u00f3nde se explica todo el proceso de este cultivo tradicional colombiano, una vivienda en guadua (bamb\u00fa) d\u00f3nde se dar\u00e1 una charla de este preciado material vegetal, una charla sobre biodiversidad en Colombia y un tour del cacao.<\/p>\n<p>Incluye<\/p>\n<ul>\n<li>Transporte terrestre ida y regreso<\/li>\n<li>Recorrido finca cafetera<\/li>\n<li>Almuerzo t\u00edpico<\/li>\n<li>Degustaci\u00f3n de caf\u00e9<\/li>\n<li>Degustaci\u00f3n de chocolate<\/li>\n<li>Seguro de viaje<\/li>\n<\/ul>\n<p>&nbsp;<\/p>\n<p>&nbsp;<\/p>\n","protected":false},"featured_media":376,"comment_status":"open","ping_status":"closed","template":"","meta":{"om_disable_all_campaigns":false,"_monsterinsights_skip_tracking":false,"_monsterinsights_sitenote_active":false,"_monsterinsights_sitenote_note":"","_monsterinsights_sitenote_category":0,"spay_email":""},"product_cat":[27,26,24],"product_tag":[],"_links":{"self":[{"href":"https:\/\/casademony.com\/index.php\/wp-json\/wp\/v2\/product\/291"}],"collection":[{"href":"https:\/\/casademony.com\/index.php\/wp-json\/wp\/v2\/product"}],"about":[{"href":"https:\/\/casademony.com\/index.php\/wp-json\/wp\/v2\/types\/product"}],"replies":[{"embeddable":true,"href":"https:\/\/casademony.com\/index.php\/wp-json\/wp\/v2\/comments?post=291"}],"wp:featuredmedia":[{"embeddable":true,"href":"https:\/\/casademony.com\/index.php\/wp-json\/wp\/v2\/media\/376"}],"wp:attachment":[{"href":"https:\/\/casademony.com\/index.php\/wp-json\/wp\/v2\/media?parent=291"}],"wp:term":[{"taxonomy":"product_cat","embeddable":true,"href":"https:\/\/casademony.com\/index.php\/wp-json\/wp\/v2\/product_cat?post=291"},{"taxonomy":"product_tag","embeddable":true,"href":"https:\/\/casademony.com\/index.php\/wp-json\/wp\/v2\/product_tag?post=291"}],"curies":[{"name":"wp","href":"https:\/\/api.w.org\/{rel}","templated":true}]}}