{"id":294,"date":"2022-05-28T08:08:40","date_gmt":"2022-05-28T08:08:40","guid":{"rendered":"http:\/\/casademony.com\/?post_type=product&#038;p=294"},"modified":"2022-07-12T13:02:38","modified_gmt":"2022-07-12T13:02:38","slug":"termales-de-cordoba-y-cienaga","status":"publish","type":"product","link":"https:\/\/casademony.com\/index.php\/producto\/termales-de-cordoba-y-cienaga\/","title":{"rendered":"TERMALES DE CORDOBA Y CI\u00c9NAGA"},"content":{"rendered":"","protected":false},"excerpt":{"rendered":"<p>Ubicado a 30 minutos de Ci\u00e9naga, es uno de los pocos lugares naturales de Magdalena que a\u00fan conserva su tranquilidad, ideal para la meditaci\u00f3n y desintoxicaci\u00f3n. Sus aguas tienen propiedades medicinales beneficiosas para la piel y ayudan con ciertas dolencias en el cuerpo; adem\u00e1s de ser supremamente relajantes debido a la temperatura de 40\u00b0c.<\/p>\n<p>Incluye<\/p>\n<ul>\n<li>Transporte terrestre ida y regreso<\/li>\n<li>Ba\u00f1o en termales<\/li>\n<li>Almuerzo t\u00edpico<\/li>\n<li>Seguro de viaje<\/li>\n<\/ul>\n<p>&nbsp;<\/p>\n<p>&nbsp;<\/p>\n","protected":false},"featured_media":400,"comment_status":"open","ping_status":"closed","template":"","meta":{"om_disable_all_campaigns":false,"_monsterinsights_skip_tracking":false,"_monsterinsights_sitenote_active":false,"_monsterinsights_sitenote_note":"","_monsterinsights_sitenote_category":0,"spay_email":""},"product_cat":[28],"product_tag":[],"_links":{"self":[{"href":"https:\/\/casademony.com\/index.php\/wp-json\/wp\/v2\/product\/294"}],"collection":[{"href":"https:\/\/casademony.com\/index.php\/wp-json\/wp\/v2\/product"}],"about":[{"href":"https:\/\/casademony.com\/index.php\/wp-json\/wp\/v2\/types\/product"}],"replies":[{"embeddable":true,"href":"https:\/\/casademony.com\/index.php\/wp-json\/wp\/v2\/comments?post=294"}],"wp:featuredmedia":[{"embeddable":true,"href":"https:\/\/casademony.com\/index.php\/wp-json\/wp\/v2\/media\/400"}],"wp:attachment":[{"href":"https:\/\/casademony.com\/index.php\/wp-json\/wp\/v2\/media?parent=294"}],"wp:term":[{"taxonomy":"product_cat","embeddable":true,"href":"https:\/\/casademony.com\/index.php\/wp-json\/wp\/v2\/product_cat?post=294"},{"taxonomy":"product_tag","embeddable":true,"href":"https:\/\/casademony.com\/index.php\/wp-json\/wp\/v2\/product_tag?post=294"}],"curies":[{"name":"wp","href":"https:\/\/api.w.org\/{rel}","templated":true}]}}